{"id":5757,"date":"2024-09-13T19:50:32","date_gmt":"2024-09-13T17:50:32","guid":{"rendered":"https:\/\/arguis.monrepos.es\/programme-de-la-reunion-dhiver-darguis-2024\/"},"modified":"2024-10-09T17:48:07","modified_gmt":"2024-10-09T15:48:07","slug":"programme-de-la-reunion-dhiver-darguis-2024","status":"publish","type":"page","link":"https:\/\/arguis.monrepos.es\/fr\/programme-de-la-reunion-dhiver-darguis-2024\/","title":{"rendered":"Programme de la r\u00e9union d&rsquo;hiver d&rsquo;Arguis 2024"},"content":{"rendered":"\t\t<div data-elementor-type=\"wp-page\" data-elementor-id=\"5757\" class=\"elementor elementor-5757\" data-elementor-post-type=\"page\">\n\t\t\t\t<div class=\"elementor-element elementor-element-0acf847 e-con-full e-flex e-con e-parent\" data-id=\"0acf847\" data-element_type=\"container\" data-settings=\"{&quot;background_background&quot;:&quot;classic&quot;,&quot;shape_divider_bottom&quot;:&quot;tilt&quot;}\">\n\t\t\t\t<div class=\"elementor-shape elementor-shape-bottom\" aria-hidden=\"true\" data-negative=\"false\">\n\t\t\t<svg xmlns=\"http:\/\/www.w3.org\/2000\/svg\" viewBox=\"0 0 1000 100\" preserveAspectRatio=\"none\">\n\t<path class=\"elementor-shape-fill\" d=\"M0,6V0h1000v100L0,6z\"\/>\n<\/svg>\t\t<\/div>\n\t\t<div class=\"elementor-element elementor-element-d34cb57 e-con-full e-flex e-con e-child\" data-id=\"d34cb57\" data-element_type=\"container\">\n\t\t\t\t<div class=\"elementor-element elementor-element-f227a46 elementor-widget elementor-widget-heading\" data-id=\"f227a46\" data-element_type=\"widget\" data-widget_type=\"heading.default\">\n\t\t\t\t<div class=\"elementor-widget-container\">\n\t\t\t\t\t<h1 class=\"elementor-heading-title elementor-size-default\">Programme de la r\u00e9union d&rsquo;hiver d&rsquo;Arguis 2024<\/h1>\t\t\t\t<\/div>\n\t\t\t\t<\/div>\n\t\t\t\t<\/div>\n\t\t\t\t<\/div>\n\t\t<div class=\"elementor-element elementor-element-22f0004 e-flex e-con-boxed e-con e-parent\" data-id=\"22f0004\" data-element_type=\"container\" data-settings=\"{&quot;background_background&quot;:&quot;classic&quot;}\">\n\t\t\t\t\t<div class=\"e-con-inner\">\n\t\t<div class=\"elementor-element elementor-element-97981c2 e-con-full e-flex e-con e-child\" data-id=\"97981c2\" data-element_type=\"container\">\n\t\t\t\t<div class=\"elementor-element elementor-element-f59395e elementor-widget elementor-widget-text-editor\" data-id=\"f59395e\" data-element_type=\"widget\" data-widget_type=\"text-editor.default\">\n\t\t\t\t<div class=\"elementor-widget-container\">\n\t\t\t\t\t\t\t\t\t<p style=\"text-align: center;\"><em><strong>Mercredi 12 juin 2024<\/strong><\/em><\/p>\n<p style=\"text-align: center;\"><em>0:00h Ouverture g\u00e9n\u00e9rale des inscriptions<\/em><\/p>\n<p style=\"text-align: center;\"><em><strong>Jeudi 26 septembre 2024<br \/><\/strong><\/em><\/p>\n<p style=\"text-align: center;\"><em><br \/>21:00 D\u00eener traditionnel du jeudi (facultatif) (Depuis l&rsquo;\u00e9dition 2007, il est de tradition d&rsquo;organiser un d\u00eener de r\u00e9ception avec un menu tr\u00e8s sp\u00e9cial deux jours avant le parcours afin d&rsquo;\u00e9changer des exp\u00e9riences et des opinions entre l&rsquo;organisation et les premiers participants. Les participants recevront toutes les informations par e-mail afin qu&rsquo;ils puissent faire leur r\u00e9servation. Les places pour cet \u00e9v\u00e9nement sont limit\u00e9es)<\/em><\/p>\n<p style=\"text-align: center;\"><strong><em>Vendredi 27 septembre 2024<\/em><\/strong><\/p>\n<p style=\"text-align: center;\"><em>8:00h Les participants recevront l&rsquo;adresse du point de rencontre pour la collecte du mat\u00e9riel (Acc\u00e8s par piste).<\/em><\/p>\n<p style=\"text-align: center;\"><em>10:00h \u00e0 18:00h. Livraison du mat\u00e9riel et des transpondeurs <\/em><\/p>\n<p style=\"text-align: center;\"><em>10h00 \u00c9tape du prologue, gratuit<\/em><\/p>\n<p style=\"text-align: center;\"><em>19:30 h Expos\u00e9 informatif<\/em><\/p>\n<p style=\"text-align: center;\"><strong><em>Samedi 28 septembre 2024<\/em><\/strong><\/p>\n<p style=\"text-align: center;\"><em>5:00h D\u00e9part de la Route des P\u00e9nitents XIX<br \/><\/em><\/p>\n<p style=\"text-align: center;\"><em>Dans la soir\u00e9e : Arriv\u00e9e des participants, remise des dipl\u00f4mes, troph\u00e9es et c\u00e9r\u00e9monie de cl\u00f4ture.<\/em><\/p>\n\t\t\t\t\t\t\t\t<\/div>\n\t\t\t\t<\/div>\n\t\t\t\t<\/div>\n\t\t\t\t\t<\/div>\n\t\t\t\t<\/div>\n\t\t<div class=\"elementor-element elementor-element-73a3b70 e-con-full e-flex e-con e-parent\" data-id=\"73a3b70\" data-element_type=\"container\" data-settings=\"{&quot;background_background&quot;:&quot;classic&quot;}\">\n\t\t<div class=\"elementor-element elementor-element-e800f12 e-con-full e-flex e-con e-child\" data-id=\"e800f12\" data-element_type=\"container\">\n\t\t\t\t<div class=\"elementor-element elementor-element-3f226ce elementor-widget elementor-widget-html\" data-id=\"3f226ce\" data-element_type=\"widget\" data-widget_type=\"html.default\">\n\t\t\t\t<div class=\"elementor-widget-container\">\n\t\t\t\t\t<style>\n    .eael-countdown-days {\n    display: inline-flex;\n}\n\nspan.eael-countdown-digits:before {\n    content: \"quedan \";\n    font-size: 36px;\n    color: #000000;\n}\n\n.counter-p {\n    text-align: center;\n    \n}\n\nspan.eael-countdown-label {\n    margin-left: 12px;\n    margin-top: 16px;\n}\n\n.titre {\n    color:#F3C24299;\n    font-style: italic;\n}\n\n.titulo-blanco {\n    color:#ffffff;\n    font-size: 28px;\n    line-height: 1.38pxem;\n}\n\nh2{\n    font-size:58px !important   ;\n}\n\n@media only screen and (max-width: 768px) {\n  \/* For mobile phones: *\/\n  h1{\n    font-size:38px !important;\n    line-height: 1.1em !important;\n    .titulo-blanco {\n        font-size: 18px !important}\n    }\n}\n}\n<\/style>\t\t\t\t<\/div>\n\t\t\t\t<\/div>\n\t\t\t\t<\/div>\n\t\t\t\t<\/div>\n\t\t\t\t<\/div>\n\t\t","protected":false},"excerpt":{"rendered":"<p>Mercredi 12 juin 2024 0:00h Ouverture g\u00e9n\u00e9rale des inscriptions Jeudi 26 septembre 2024 21:00 D\u00eener traditionnel du jeudi (facultatif) (Depuis l&rsquo;\u00e9dition 2007, il est de tradition d&rsquo;organiser un d\u00eener de r\u00e9ception avec un menu tr\u00e8s sp\u00e9cial deux jours avant le parcours afin d&rsquo;\u00e9changer des exp\u00e9riences et des opinions entre l&rsquo;organisation et les premiers participants. Les [&hellip;]<\/p>\n","protected":false},"author":4,"featured_media":0,"parent":0,"menu_order":0,"comment_status":"closed","ping_status":"closed","template":"","meta":{"site-sidebar-layout":"no-sidebar","site-content-layout":"page-builder","ast-site-content-layout":"default","site-content-style":"default","site-sidebar-style":"default","ast-global-header-display":"","ast-banner-title-visibility":"","ast-main-header-display":"","ast-hfb-above-header-display":"","ast-hfb-below-header-display":"","ast-hfb-mobile-header-display":"","site-post-title":"disabled","ast-breadcrumbs-content":"disabled","ast-featured-img":"disabled","footer-sml-layout":"","theme-transparent-header-meta":"enabled","adv-header-id-meta":"","stick-header-meta":"","header-above-stick-meta":"","header-main-stick-meta":"","header-below-stick-meta":"","astra-migrate-meta-layouts":"default","ast-page-background-enabled":"default","ast-page-background-meta":{"desktop":{"background-color":"","background-image":"","background-repeat":"repeat","background-position":"center center","background-size":"auto","background-attachment":"scroll","background-type":"","background-media":"","overlay-type":"","overlay-color":"","overlay-opacity":"","overlay-gradient":""},"tablet":{"background-color":"","background-image":"","background-repeat":"repeat","background-position":"center center","background-size":"auto","background-attachment":"scroll","background-type":"","background-media":"","overlay-type":"","overlay-color":"","overlay-opacity":"","overlay-gradient":""},"mobile":{"background-color":"","background-image":"","background-repeat":"repeat","background-position":"center center","background-size":"auto","background-attachment":"scroll","background-type":"","background-media":"","overlay-type":"","overlay-color":"","overlay-opacity":"","overlay-gradient":""}},"ast-content-background-meta":{"desktop":{"background-color":"var(--ast-global-color-5)","background-image":"","background-repeat":"repeat","background-position":"center center","background-size":"auto","background-attachment":"scroll","background-type":"","background-media":"","overlay-type":"","overlay-color":"","overlay-opacity":"","overlay-gradient":""},"tablet":{"background-color":"var(--ast-global-color-5)","background-image":"","background-repeat":"repeat","background-position":"center center","background-size":"auto","background-attachment":"scroll","background-type":"","background-media":"","overlay-type":"","overlay-color":"","overlay-opacity":"","overlay-gradient":""},"mobile":{"background-color":"var(--ast-global-color-5)","background-image":"","background-repeat":"repeat","background-position":"center center","background-size":"auto","background-attachment":"scroll","background-type":"","background-media":"","overlay-type":"","overlay-color":"","overlay-opacity":"","overlay-gradient":""}},"footnotes":""},"class_list":["post-5757","page","type-page","status-publish","hentry"],"_links":{"self":[{"href":"https:\/\/arguis.monrepos.es\/fr\/wp-json\/wp\/v2\/pages\/5757","targetHints":{"allow":["GET"]}}],"collection":[{"href":"https:\/\/arguis.monrepos.es\/fr\/wp-json\/wp\/v2\/pages"}],"about":[{"href":"https:\/\/arguis.monrepos.es\/fr\/wp-json\/wp\/v2\/types\/page"}],"author":[{"embeddable":true,"href":"https:\/\/arguis.monrepos.es\/fr\/wp-json\/wp\/v2\/users\/4"}],"replies":[{"embeddable":true,"href":"https:\/\/arguis.monrepos.es\/fr\/wp-json\/wp\/v2\/comments?post=5757"}],"version-history":[{"count":1,"href":"https:\/\/arguis.monrepos.es\/fr\/wp-json\/wp\/v2\/pages\/5757\/revisions"}],"predecessor-version":[{"id":5759,"href":"https:\/\/arguis.monrepos.es\/fr\/wp-json\/wp\/v2\/pages\/5757\/revisions\/5759"}],"wp:attachment":[{"href":"https:\/\/arguis.monrepos.es\/fr\/wp-json\/wp\/v2\/media?parent=5757"}],"curies":[{"name":"wp","href":"https:\/\/api.w.org\/{rel}","templated":true}]}}

Programme de la réunion d&rsquo;hiver d&rsquo;Arguis 2024

<div data-elementor-type="wp-page" data-elementor-id="5757" class="elementor elementor-5757" data-elementor-post-type="page">
				<div class="elementor-element elementor-element-0acf847 e-con-full e-flex e-con e-parent" data-id="0acf847" data-element_type="container" data-settings="{&quot;background_background&quot;:&quot;classic&quot;,&quot;shape_divider_bottom&quot;:&quot;tilt&quot;}">
				<div class="elementor-shape elementor-shape-bottom" aria-hidden="true" data-negative="false">
			<svg xmlns="http://www.w3.org/2000/svg" viewBox="0 0 1000 100" preserveAspectRatio="none">
	<path class="elementor-shape-fill" d="M0,6V0h1000v100L0,6z"/>
</svg>		</div>
		<div class="elementor-element elementor-element-d34cb57 e-con-full e-flex e-con e-child" data-id="d34cb57" data-element_type="container">
				<div class="elementor-element elementor-element-f227a46 elementor-widget elementor-widget-heading" data-id="f227a46" data-element_type="widget" data-widget_type="heading.default">
				<div class="elementor-widget-container">
					<h1 class="elementor-heading-title elementor-size-default">Programme de la réunion d&rsquo;hiver d&rsquo;Arguis 2024</h1>				</div>
				</div>
				</div>
				</div>
		<div class="elementor-element elementor-element-22f0004 e-flex e-con-boxed e-con e-parent" data-id="22f0004" data-element_type="container" data-settings="{&quot;background_background&quot;:&quot;classic&quot;}">
					<div class="e-con-inner">
		<div class="elementor-element elementor-element-97981c2 e-con-full e-flex e-con e-child" data-id="97981c2" data-element_type="container">
				<div class="elementor-element elementor-element-f59395e elementor-widget elementor-widget-text-editor" data-id="f59395e" data-element_type="widget" data-widget_type="text-editor.default">
				<div class="elementor-widget-container">
									<p style="text-align: center;"><em><strong>Mercredi 12 juin 2024</strong></em></p>
<p style="text-align: center;"><em>0:00h Ouverture générale des inscriptions</em></p>
<p style="text-align: center;"><em><strong>Jeudi 26 septembre 2024<br /></strong></em></p>
<p style="text-align: center;"><em><br />21:00 Dîner traditionnel du jeudi (facultatif) (Depuis l&rsquo;édition 2007, il est de tradition d&rsquo;organiser un dîner de réception avec un menu très spécial deux jours avant le parcours afin d&rsquo;échanger des expériences et des opinions entre l&rsquo;organisation et les premiers participants. Les participants recevront toutes les informations par e-mail afin qu&rsquo;ils puissent faire leur réservation. Les places pour cet événement sont limitées)</em></p>
<p style="text-align: center;"><strong><em>Vendredi 27 septembre 2024</em></strong></p>
<p style="text-align: center;"><em>8:00h Les participants recevront l&rsquo;adresse du point de rencontre pour la collecte du matériel (Accès par piste).</em></p>
<p style="text-align: center;"><em>10:00h à 18:00h. Livraison du matériel et des transpondeurs </em></p>
<p style="text-align: center;"><em>10h00 Étape du prologue, gratuit</em></p>
<p style="text-align: center;"><em>19:30 h Exposé informatif</em></p>
<p style="text-align: center;"><strong><em>Samedi 28 septembre 2024</em></strong></p>
<p style="text-align: center;"><em>5:00h Départ de la Route des Pénitents XIX<br /></em></p>
<p style="text-align: center;"><em>Dans la soirée : Arrivée des participants, remise des diplômes, trophées et cérémonie de clôture.</em></p>
								</div>
				</div>
				</div>
					</div>
				</div>
		<div class="elementor-element elementor-element-73a3b70 e-con-full e-flex e-con e-parent" data-id="73a3b70" data-element_type="container" data-settings="{&quot;background_background&quot;:&quot;classic&quot;}">
		<div class="elementor-element elementor-element-e800f12 e-con-full e-flex e-con e-child" data-id="e800f12" data-element_type="container">
				<div class="elementor-element elementor-element-3f226ce elementor-widget elementor-widget-html" data-id="3f226ce" data-element_type="widget" data-widget_type="html.default">
				<div class="elementor-widget-container">
					<style>
    .eael-countdown-days {
    display: inline-flex;
}

span.eael-countdown-digits:before {
    content: "quedan ";
    font-size: 36px;
    color: #000000;
}

.counter-p {
    text-align: center;
    
}

span.eael-countdown-label {
    margin-left: 12px;
    margin-top: 16px;
}

.titre {
    color:#F3C24299;
    font-style: italic;
}

.titulo-blanco {
    color:#ffffff;
    font-size: 28px;
    line-height: 1.38pxem;
}

h2{
    font-size:58px !important   ;
}

@media only screen and (max-width: 768px) {
  /* For mobile phones: */
  h1{
    font-size:38px !important;
    line-height: 1.1em !important;
    .titulo-blanco {
        font-size: 18px !important}
    }
}
}
</style>				</div>
				</div>
				</div>
				</div>
				</div>

<p>Mercredi 12 juin 2024 0:00h Ouverture générale des inscriptions Jeudi 26 septembre 2024 21:00 Dîner traditionnel du jeudi (facultatif) (Depuis l&rsquo;édition 2007, il est de tradition d&rsquo;organiser un dîner de réception avec un menu très spécial deux jours avant le parcours afin d&rsquo;échanger des expériences et des opinions entre l&rsquo;organisation et les premiers participants. Les [&hellip;]</p>
